{"id":12,"date":"2020-01-27T11:25:06","date_gmt":"2020-01-27T11:25:06","guid":{"rendered":"https:\/\/qi.hkjl.xyz\/?page_id=12"},"modified":"2026-02-24T09:34:12","modified_gmt":"2026-02-24T09:34:12","slug":"publications","status":"publish","type":"page","link":"https:\/\/quantum.paris\/site1\/publications\/","title":{"rendered":"Publications"},"content":{"rendered":"\n<h2 class=\"wp-block-heading\" id=\"submitting-refereeing-in-progress\">Submitting, refereeing in progress<\/h2>\n\n\n\n<ul class=\"wp-block-list\">\n<li><a href=\"https:\/\/arxiv.org\/abs\/2508.21217\">Unitary Synthesis with AlphaZero via Dynamic Circuits<\/a><br>Xavier Valcarce, Bastien Grivet, Nicolas Sangouard<br>arXiv:2508.21217<\/li>\n\n\n\n<li><a href=\"https:\/\/arxiv.org\/abs\/2503.15452\">Provably optimal exact gate synthesis from a discrete gate set<\/a><br>\u00c9lie Gouzien, Nicolas Sangouard<br>arXiv:2503.15452<\/li>\n\n\n\n<li><a href=\"https:\/\/arxiv.org\/abs\/2410.19670\">Automated generation of photonic circuits for Bell tests with homodyne measurements<\/a><br>Corentin Lanore, Federico Grasselli, Xavier Valcarce, Jean-Daniel Bancal, and Nicolas Sangouard<br>arXiv:2410.19670<\/li>\n\n\n\n<li><a href=\"https:\/\/arxiv.org\/abs\/2409.17075\">Long-distance device-independent quantum key distribution using single-photon entanglement<\/a><br>Anna Steffinlongo, Mariana Navarro, Marina Cenni, Xavier Valcarce, Antonio Ac\u00edn, and Enky Oudot<br>arXiv:2409.17075<\/li>\n\n\n\n<li><a href=\"https:\/\/arxiv.org\/abs\/2402.01530\">Realistic Bell tests with homodyne measurements<\/a><br>Enky Oudot, Ga\u00ebl Mass\u00e9, Xavier Valcarce, and Antonio Ac\u00edn<br>arXiv:2402.01530<\/li>\n<\/ul>\n\n\n\n<hr class=\"wp-block-separator has-alpha-channel-opacity\"\/>\n\n\n\n<h2 class=\"wp-block-heading\">Published in 2026<\/h2>\n\n\n\n<ul class=\"wp-block-list\">\n<li><a href=\"https:\/\/journals.aps.org\/prresearch\/abstract\/10.1103\/v9ln-c4v2\">Network Requirements for Distributed Quantum Computation<\/a><br>Hugo Jacinto, \u00c9lie Gouzien, Nicolas Sangouard<br>Phys. Rev. Research <strong>8<\/strong>, 013205 (2026)<\/li>\n\n\n\n<li><a href=\"https:\/\/doi.org\/10.1103\/h741-4678\">Accessible Quantum Gates on Classical Stabilizer Codes<\/a><br>Victor Barizien, Hugo Jacinto, Nicolas Sangouard<br>Phys. Rev. Lett. <strong>136<\/strong>, 030602 (2026)<\/li>\n<\/ul>\n\n\n\n<hr class=\"wp-block-separator has-alpha-channel-opacity\"\/>\n\n\n\n<h2 class=\"wp-block-heading\">Published in 2025<\/h2>\n\n\n\n<ul class=\"wp-block-list\">\n<li><a href=\"https:\/\/journals.aps.org\/prl\/abstract\/10.1103\/hvsx-cx2d\">Uniting Quantum Processing Nodes of Cavity-coupled Ions with Rare-earth Quantum Repeaters Using Single-photon Pulse Shaping Based on Atomic Frequency Comb<\/a><br>Pierre Cussenot, Bastien Grivet, Ben P. Lanyon, Tracy E. Northup, Hugues de Riedmatten, Anders S. S\u00f8rensen, and Nicolas Sangouard<br>Phys. Rev. Lett. <strong>135<\/strong>, 240803 (2025)<\/li>\n\n\n\n<li><a href=\"https:\/\/doi.org\/10.1103\/nv7d-k3wr\">Complete Self-Testing of a System of Remote Superconducting Qubits<\/a><br>Simon Storz, Anatoly Kulikov, Josua D. Sch\u00e4r, Victor Barizien, Xavier Valcarce, Florence Berterotti\u00e8re, Nicolas Sangouard, Jean-Daniel Bancal, and Andreas Wallraff<br>Phys. Rev. Lett. <strong>135<\/strong>, 030801 (2025)<\/li>\n\n\n\n<li><a href=\"https:\/\/arxiv.org\/abs\/2410.23741\">Testing the Wineland Criterion with Finite Stati<\/a><a href=\"https:\/\/journals.aps.org\/prl\/abstract\/10.1103\/5svm-skxk\">s<\/a><a href=\"https:\/\/arxiv.org\/abs\/2410.23741\">tics<\/a><br>Edison. S. Carrera, Yu-Zhe Zhang, Jean-Daniel Bancal, and Nicolas Sangouard<br>Phys. Rev. Lett. <strong>134<\/strong>, 220802 (2025)<\/li>\n\n\n\n<li><a href=\"https:\/\/journals.aps.org\/prapplied\/abstract\/10.1103\/PhysRevApplied.23.054063\">Two-photon correlations and Hong-Ou-Mandel visibility from an imperfect single-photon source<\/a><br>Eva M. Gonz\u00e1lez-Ruiz, Johannes Bjerlin, Oliver August Dall&#8217;Alba Sandberg, and Anders S. S\u00f8rensen<br>Phys. Rev. Applied <strong>23<\/strong>, 054063 (2025)<\/li>\n<\/ul>\n\n\n\n<hr class=\"wp-block-separator has-alpha-channel-opacity\"\/>\n\n\n\n<h2 class=\"wp-block-heading\">Published in 2024<\/h2>\n\n\n\n<ul class=\"wp-block-list\">\n<li><a href=\"https:\/\/www.nature.com\/articles\/s41534-024-00859-0\">Calibration-independent bound on the unitarity of a quantum channel with application to a frequency converter<\/a><br>Matthias Bock, Pavel Sekatski, Jean-Daniel Bancal, Stephan Kucera, Tobias Bauer, Nicolas Sangouard, Christoph Becher and J\u00fcrgen Eschner<br>npj Quantum Information <strong>10<\/strong>, 63 (2024)<\/li>\n<\/ul>\n\n\n\n<hr class=\"wp-block-separator has-css-opacity\"\/>\n\n\n\n<h2 class=\"wp-block-heading\">Published in 2023<\/h2>\n\n\n\n<ul class=\"wp-block-list\">\n<li><a href=\"https:\/\/journals.aps.org\/prl\/abstract\/10.1103\/PhysRevLett.131.040602\">Performance Analysis of a Repetition Cat Code Architecture: Computing 256-bit Elliptic Curve Logarithm in 9&nbsp;Hours with 126\u2009133 Cat Qubits<\/a><br>\u00c9lie Gouzien, Diego Ruiz, Fran\u00e7ois-Marie Le R\u00e9gent, J\u00e9r\u00e9mie Guillaud, and Nicolas Sangouard<br>Phys. Rev. Lett. <strong>131<\/strong>, 040602 (2023)<\/li>\n\n\n\n<li><a href=\"https:\/\/journals.aps.org\/pra\/abstract\/10.1103\/PhysRevA.107.062607\">Automated design of quantum optical experiments for device-independent quantum key distribution<\/a><br>Xavier Valcarce, Pavel Sekatski, Elie Gouzien, Alexey Melnikov, and Nicolas Sangouard<br>Phys. Rev. A <strong>107<\/strong>, 062607 (2023)<\/li>\n\n\n\n<li><a href=\"https:\/\/journals.aps.org\/prl\/abstract\/10.1103\/PhysRevLett.130.213601\" data-type=\"URL\" data-id=\"https:\/\/journals.aps.org\/prl\/abstract\/10.1103\/PhysRevLett.130.213601\">Telecom-wavelength quantum repeater node based on a trapped-ion processor<\/a><br>Victor Krutyanskiy, Marco Canteri, Martin Meraner, James Bate, Vojtech Krcmarsky, Josef Schupp, Nicolas Sangouard, and Ben P. Lanyon<br>Phys. Rev. Lett. <strong>130<\/strong>, 213601 (2023)<\/li>\n\n\n\n<li><a href=\"https:\/\/www.nature.com\/articles\/s41586-023-05885-0\" data-type=\"URL\" data-id=\"https:\/\/www.nature.com\/articles\/s41586-023-05885-0\">Loophole-free Bell inequality violation with superconducting circuits<\/a><br>Simon Storz, Josua Sch\u00e4r, Anatoly Kulikov, Paul Magnard, Philipp Kurpiers, Janis L\u00fctolf, Theo Walter, Adrian Copetudo, Kevin Reuer, Abdulkadir Akin, Jean-Claude Besse, Mihai Gabureac, Graham J. Norris, Andr\u00e9s Rosario, Ferran Martin, Jos\u00e9 Martinez, Waldimar Amaya, Morgan W. Mitchell, Carlos Abellan, Jean-Daniel Bancal, Nicolas Sangouard, Baptiste Royer, Alexandre Blais, and Andreas Wallraff<br>Nature <strong>617<\/strong>, pages 265\u2013270 (2023)<\/li>\n\n\n\n<li><a href=\"https:\/\/journals.aps.org\/prl\/abstract\/10.1103\/PhysRevLett.130.050803\">Entanglement of Trapped-Ion Qubits Separated by 230&nbsp;Meters<\/a><br>V. Krutyanskiy, M. Galli, V. Krcmarsky, S. Baier, D.\u2009A. Fioretto, Y. Pu, A. Mazloom, P. Sekatski, M. Canteri, M. Teller, J. Schupp, J. Bate, M. Meraner, N. Sangouard, B.\u2009P. Lanyon, and T.\u2009E. Northup<br>Phys. Rev. Lett. <strong>130<\/strong>, 050803 (2023)<\/li>\n<\/ul>\n\n\n\n<hr class=\"wp-block-separator has-alpha-channel-opacity\"\/>\n\n\n\n<h2 class=\"wp-block-heading\" id=\"published-in-2022\">Published in 2022<\/h2>\n\n\n\n<ul class=\"wp-block-list\">\n<li><a href=\"https:\/\/quantum-journal.org\/papers\/q-2022-12-13-875\/#\">Benchmarking single-photon sources from an auto-correlation measurement<\/a><br>Pavel Sekatski, Enky Oudot, Patrick Caspar, Rob Thew, and Nicolas Sangouard<br>Quantum <strong>6<\/strong>, 875 (2022)<\/li>\n\n\n\n<li><a href=\"https:\/\/quantum-journal.org\/papers\/q-2022-12-22-880\/#\">Improved DIQKD protocols with finite-size analysis<\/a><br>Ernest Y.-Z. Tan, Pavel Sekatski, Jean-Daniel Bancal, Ren\u00e9 Schwonnek, Renato Renner, Nicolas Sangouard, and Charles C.-W. Lim<br>Quantum <strong>6<\/strong>, 880 (2022)<\/li>\n\n\n\n<li><a href=\"https:\/\/www.nature.com\/articles\/s41586-022-04941-5\">Experimental quantum key distribution certified by Bell&#8217;s theorem<\/a><br>D. P. Nadlinger, P. Drmota, B. C. Nichol, G. Araneda, D. Main, R. Srinivas, D. M. Lucas, C. J. Ballance, K. Ivanov, E. Y-Z. Tan, P. Sekatski, R. L. Urbanke, R. Renner, N. Sangouard, J-D. Bancal<br>Nature <strong>607<\/strong>,&nbsp;pages 682\u2013686 (2022)<\/li>\n\n\n\n<li><a href=\"https:\/\/quantum-journal.org\/papers\/q-2022-03-22-671\/\" target=\"_blank\" rel=\"noreferrer noopener\">Local and scalable detection of genuine multipartite single-photon path entanglem<\/a><a href=\"https:\/\/quantum-journal.org\/papers\/q-2022-03-22-671\/\">ent<\/a><br>Patrik Caspar, Enky Oudot, Pavel Sekatski, Nicolas Maring, Anthony Martin, Nicolas Sangouard, Hugo Zbinden, Rob Thew<br>Quantum <strong>6<\/strong>, 671 (2022)<\/li>\n\n\n\n<li><a href=\"https:\/\/journals.aps.org\/prresearch\/abstract\/10.1103\/PhysRevResearch.4.013049\" target=\"_blank\" rel=\"noreferrer noopener\">Self-testing two-qubit maximally entangled states from generalized Clauser-Horne-Shimony-Holt tests<\/a><br>Xavier Valcarce, Julian Zivy, Nicolas Sangouard, and Pavel Sekatski<br>Phys. Rev. Research <strong>4<\/strong>, 013049 (2022)<\/li>\n<\/ul>\n\n\n\n<hr class=\"wp-block-separator has-css-opacity\"\/>\n\n\n\n<h2 class=\"wp-block-heading\" id=\"published-in-2021\">Published in 2021<\/h2>\n\n\n\n<ul class=\"wp-block-list\">\n<li><a href=\"https:\/\/journals.aps.org\/prl\/abstract\/10.1103\/PhysRevLett.127.140503\" data-type=\"URL\" data-id=\"https:\/\/journals.aps.org\/prl\/abstract\/10.1103\/PhysRevLett.127.140503\" target=\"_blank\" rel=\"noreferrer noopener\">Factoring 2048-bit RSA Integers in 177 Days with 13\u2009436 Qubits and a Multimode Memory<\/a><br>Elie Gouzien, Nicolas Sangouard<br>Phys. Rev. Lett. <strong>127<\/strong>, 140503 (2021)<\/li>\n\n\n\n<li><a href=\"https:\/\/quantum-journal.org\/papers\/q-2021-04-26-444\/\" target=\"_blank\" rel=\"noreferrer noopener\">Device-independent quantum key distribution from generalized CHSH inequalities<\/a><br>Pavel Sekatski, Jean-Daniel Bancal, Xavier Valcarce, Ernest Y.-Z. Tan, Renato Renner, Nicolas Sangouard<br>Quantum <strong>5<\/strong>, 444 (2021)<\/li>\n\n\n\n<li><a href=\"https:\/\/quantum-journal.org\/papers\/q-2021-03-02-401\/#\">Self-<\/a><a href=\"https:\/\/quantum-journal.org\/papers\/q-2021-03-02-401\/#\" target=\"_blank\" rel=\"noreferrer noopener\">testing<\/a><a href=\"https:\/\/quantum-journal.org\/papers\/q-2021-03-02-401\/#\"> with finite statistics enabling the certification of a quantum network link<\/a><br>Jean-Daniel Bancal, Kai Redeker, Pavel Sekatski, Wenjamin Rosenfeld, Nicolas Sangouard<br>Quantum <strong>5<\/strong>, 401 (2021)<\/li>\n<\/ul>\n\n\n\n<hr class=\"wp-block-separator has-css-opacity\"\/>\n\n\n\n<h2 class=\"wp-block-heading\" id=\"published-in-2020\">Published in 2020<\/h2>\n\n\n\n<ul class=\"wp-block-list\">\n<li><a href=\"https:\/\/advances.sciencemag.org\/content\/6\/51\/eabb0260\">Bell correlations between light and vibration at ambient conditions<\/a><br>Santiago Tarrago Velez, Vivishek Sudhir, Nicolas Sangouard, Christophe Galland<br>Science Advances, Vol. <strong>6<\/strong>, eabb0260 (2020)<\/li>\n\n\n\n<li><a rel=\"noreferrer noopener\" href=\"https:\/\/journals.aps.org\/pra\/abstract\/10.1103\/PhysRevA.102.052614\" target=\"_blank\">Indistinguishable photons from a trapped-ion quantum network node<\/a><br>M. Meraner, A. Mazloom, V. Krutyanskiy, V. Krcmarsky, J. Schupp, D. Fioretto, P. Sekatski, T. E. Northup, N. Sangouard, B. P. Lanyon<br>Phys. Rev. A <strong>102<\/strong>, 052614 (2020)<\/li>\n\n\n\n<li><a rel=\"noreferrer noopener\" href=\"https:\/\/journals.aps.org\/prl\/abstract\/10.1103\/PhysRevLett.125.160401\" target=\"_blank\">Setting up experimental Bell test with reinforcement learning<\/a><br>Alexey Melnikov, Pavel Sekatski, Nicolas Sangouard<br>Phys. Rev. Lett. <strong>125<\/strong>, 160401 (2020)<\/li>\n\n\n\n<li><a rel=\"noreferrer noopener\" href=\"https:\/\/journals.aps.org\/prl\/abstract\/10.1103\/PhysRevLett.125.110506\" target=\"_blank\"><\/a><a href=\"https:\/\/arxiv.org\/abs\/2004.09465\">Heralded distribution of single-photon path entanglement<\/a><br>Patrik Caspar, Ephanielle Verbanis, Enky Oudot, Nicolas Maring, Farid Samara, Misael Caloz, Matthieu Perrenoud, Pavel Sekatski, Anthony Martin, Nicolas Sangouard, Hugo Zbinden, Rob Thew<br>Phys. Rev. Lett. <strong>125<\/strong>, 110506 (2020)<\/li>\n\n\n\n<li><a rel=\"noreferrer noopener\" href=\"https:\/\/journals.aps.org\/prl\/abstract\/10.1103\/PhysRevLett.124.230502\" target=\"_blank\">Noisy pre-processing facilitating a photonic realisation of device-independent quantum key distribution<\/a><br>Melvyn Ho, Pavel Sekatski, Ernest Y.-Z. Tan, Renato Renner, Jean-Daniel Bancal, Nicolas Sangouard<br>Phys. Rev. Lett. <strong>124<\/strong>, 230502 (2020)<\/li>\n\n\n\n<li><a rel=\"noreferrer noopener\" aria-label=\" (opens in a new tab)\" href=\"https:\/\/quantum-journal.org\/papers\/q-2020-03-23-246\/\" target=\"_blank\">What is the minimum CHSH score certifying that a state contains the singlet?<\/a><br>Xavier Valcarce, Pavel Sekatski, Davide Orsucci, Enky Oudot, Jean-Daniel Bancal, Nicolas Sangouard<br>Quantum <strong>4<\/strong>, 246 (2020)<\/li>\n\n\n\n<li><a rel=\"noreferrer noopener\" href=\"https:\/\/quantum-journal.org\/papers\/q-2020-03-19-243\/#\" target=\"_blank\">Device-independent characterization of quantum instruments<\/a><br>Sebastian Wagner, Jean-Daniel Bancal, Nicolas Sangouard, Pavel Sekatski<br>Quantum <strong>4<\/strong>, 243 (2020)<\/li>\n\n\n\n<li><a rel=\"noreferrer noopener\" href=\"https:\/\/quantum-journal.org\/papers\/q-2020-03-02-238\/\" target=\"_blank\">How post-selection affects device-independent claims under the fair sampling assumption<\/a><br> Davide Orsucci, Jean-Daniel Bancal, Nicolas Sangouard, Pavel Sekatski<br> Quantum <strong>4<\/strong>, 238 (2020) <\/li>\n\n\n\n<li><a rel=\"noreferrer noopener\" href=\"https:\/\/doi.org\/10.1002\/qute.201900115\" target=\"_blank\">Machine learning transfer efficiencies for noisy quantum walks<\/a><br> A. A. Melnikov, L. E. Fedichkin, R. K. Lee, and A. Alodjants<br> Adv. Quantum Technol. <strong>3<\/strong>, 1900115 (2020) <\/li>\n<\/ul>\n\n\n\n<hr class=\"wp-block-separator has-css-opacity\"\/>\n\n\n\n<h2 class=\"wp-block-heading\" id=\"published-in-2019\">Published in 2019<\/h2>\n\n\n\n<ul class=\"wp-block-list\">\n<li><a rel=\"noreferrer noopener\" href=\"https:\/\/www.nature.com\/articles\/s41534-019-0230-3\" target=\"_blank\">Scalable repeater architectures for multi-party states<\/a> <br> V. V. Kuzmin, D. V. Vasilyev, Nicolas Sangouard, Wolfgang D\u00fcr, C. A. Muschik<br> npj Quantum Information <strong>5<\/strong>, 115 (2019)  <\/li>\n\n\n\n<li><a rel=\"noreferrer noopener\" href=\"https:\/\/iopscience.iop.org\/article\/10.1088\/1367-2630\/ab4c7c\" target=\"_blank\">Bipartite nonlocality with a many-body system<\/a>  <br> Enky Oudot, Jean-Daniel Bancal, Pavel Sekatski, Nicolas Sangouard<br> New J. Phys. <strong>21<\/strong>, 103043 (2019) <\/li>\n\n\n\n<li><a rel=\"noreferrer noopener\" href=\"https:\/\/www.nature.com\/articles\/s41586-019-1709-y\" target=\"_blank\">A gated quantum dot strongly coupled to an optical microcavity<\/a>  <br>Daniel Najer, Immo S\u00f6llner, Pavel Sekatski, Vincent Dolique, Matthias C.  L\u00f6bl, Daniel Riedel, R\u00fcdiger Schott, Sebastian Starosielec, Sascha R.  Valentin, Andreas D. Wieck, Nicolas Sangouard, Arne Ludwig, Richard J.  Warburton<br> Nature <strong>575<\/strong>, 622\u2013627 (2019)  <\/li>\n\n\n\n<li><a rel=\"noreferrer noopener\" href=\"https:\/\/journals.aps.org\/pra\/abstract\/10.1103\/PhysRevA.100.022121\" target=\"_blank\">Bell correlations depth in many-body systems <\/a>  <br>Flavio Baccari, Jordi Tura, Matteo Fadel, Albert Aloy, Jean-Daniel  Bancal, Nicolas Sangouard, Maciej Lewenstein, Antonio Ac\u00edn, Remigiusz  Augusiak<br> Phys. Rev. A <strong>100<\/strong>, 022121 (2019) <\/li>\n\n\n\n<li><a href=\"https:\/\/quantum-journal.org\/papers\/q-2019-01-25-118\/\" target=\"_blank\" rel=\"noreferrer noopener\">All macroscopic quantum states are fragile and hard to prepare <\/a>  <br> Andrea L\u00f3pez-Incera, Pavel Sekatski, Wolfgang D\u00fcr<br> Quantum, <strong>3<\/strong>, 118 (2019) <\/li>\n<\/ul>\n\n\n\n<hr class=\"wp-block-separator has-css-opacity\"\/>\n\n\n\n<h2 class=\"wp-block-heading\" id=\"all-publications-per-author-on-arxiv\">All Publications per author on Arxiv<\/h2>\n\n\n\n<ul class=\"wp-block-list\">\n<li><a href=\"https:\/\/arxiv.org\/search\/physics?searchtype=author&amp;query=Gouzien%2C+E\">\u00c9lie Gouzien<\/a><\/li>\n\n\n\n<li><a href=\"https:\/\/arxiv.org\/search\/quant-ph?searchtype=author&amp;query=Sangouard%2C+N\">Nicolas Sangouard<\/a><\/li>\n\n\n\n<li><a href=\"https:\/\/arxiv.org\/search\/quant-ph?searchtype=author&amp;query=Valcarce%2C+X\">Xavier Valcarce<\/a><\/li>\n\n\n\n<li><a href=\"https:\/\/arxiv.org\/search\/quant-ph?searchtype=author&amp;query=Zivy%2C+J\">Julian Zivy<\/a><\/li>\n<\/ul>\n\n\n\n<p><\/p>\n","protected":false},"excerpt":{"rendered":"<p>Submitting, refereeing in progress Published in 2026 Published in 2025 Published in 2024 Published in 2023 Published in 2022 Published in 2021 Published in 2020 Published in 2019 All Publications per author on Arxiv<\/p>\n","protected":false},"author":1,"featured_media":0,"parent":0,"menu_order":4,"comment_status":"closed","ping_status":"closed","template":"page-templates\/page_fullwidth.php","meta":{"footnotes":""},"class_list":["post-12","page","type-page","status-publish","hentry","clearfix"],"_links":{"self":[{"href":"https:\/\/quantum.paris\/site1\/wp-json\/wp\/v2\/pages\/12","targetHints":{"allow":["GET"]}}],"collection":[{"href":"https:\/\/quantum.paris\/site1\/wp-json\/wp\/v2\/pages"}],"about":[{"href":"https:\/\/quantum.paris\/site1\/wp-json\/wp\/v2\/types\/page"}],"author":[{"embeddable":true,"href":"https:\/\/quantum.paris\/site1\/wp-json\/wp\/v2\/users\/1"}],"replies":[{"embeddable":true,"href":"https:\/\/quantum.paris\/site1\/wp-json\/wp\/v2\/comments?post=12"}],"version-history":[{"count":80,"href":"https:\/\/quantum.paris\/site1\/wp-json\/wp\/v2\/pages\/12\/revisions"}],"predecessor-version":[{"id":817,"href":"https:\/\/quantum.paris\/site1\/wp-json\/wp\/v2\/pages\/12\/revisions\/817"}],"wp:attachment":[{"href":"https:\/\/quantum.paris\/site1\/wp-json\/wp\/v2\/media?parent=12"}],"curies":[{"name":"wp","href":"https:\/\/api.w.org\/{rel}","templated":true}]}}